 - 253. What is the remainder when w is divided by j?
32
Let t(o) = -101*o - 560. What is the remainder when t(-7) is divided by 38?
33
Let w(t) = 3*t**3 - 17*t**2 + 18*t - 147. Calculate the remainder when w(11) is divided by 2.
1
Suppose -63 = 8*z - 111. What is the remainder when 1009 is divided by (6 + 18/(-4))/(z/176)?
41
Let s = 35 + -24. Let g(n) = -2*n**2 - 18*n - 10. Suppose 9*x = -28 - 44. Calculate the remainder when s is divided by g(x).
5
Let j = -9631 - -9906. Calculate the remainder when j is divided by 139.
136
Suppose 486 = 24*d - 6*d. Let w = d + -5. Calculate the remainder when 82 is divided by w.
16
Let o(i) = 7*i**3 - 3*i**2 + 14*i - 31. Let t(q) = 8*q**3 - 2*q**2 + 14*q - 31. Let d(z) = -7*o(z) + 6*t(z). Calculate the remainder when d(7) is divided by 9.
4
Let i(b) = b**3 - 16*b**2 + 11*b - 42. Let c be i(15). Let q = c - -287. Calculate the remainder when q is divided by 11.
9
Let l be 3/15 + (-78)/(-10). Let k = l - 4. Calculate the remainder when (60/8)/(115/138) is divided by k.
1
Let z = 27354 - 27038. Calculate the remainder when z is divided by 35.
1
Let g = -7294 + 7316. Calculate the remainder when 1005 is divided by g.
15
Suppose 0 = -51*s + 1216 + 2864. Calculate the remainder when s is divided by 16.
0
Let k(p) = -p**2 + 63*p + 142. Calculate the remainder when 15 is divided by k(65).
3
Let g(w) = -3*w**3 + w**2 - w + 1. Let t be g(1). Let n be ((-20)/9)/(58/261). Calculate the remainder when 27 is divided by t/n*(13 - -22).
6
Let m = 1578 - 1530. Calculate the remainder when 90 is divided by m.
42
Let g(o) = -187*o - 86. Calculate the remainder when 582 is divided by g(-2).
6
Let d = -40 - -40. Suppose d = 10*c - 5*c - 25. Suppose 17 - 46 = -2*h - i, -c*i + 26 = 3*h. Calculate the remainder when 29 is divided by h.
12
Suppose 5*b - 4*m - 1157 = 0, -179*m = -5*b - 178*m + 1148. What is the remainder when 1492 is divided by b?
118
Let k be (-5 - -2)/(1 - 0). Let x(z) = -20*z**2 + 1 - 4 + 12*z**2 - z**3 + 7*z**2 + z. Calculate the remainder when 21 is divided by x(k).
9
Let i = 102 + -36. Let r(k) = 4*k**2 - 16*k - 177. Calculate the remainder when r(-7) is divided by i.
65
Let h be 5/1 + -15*(-12)/(-36). Suppose h = 4*i - 3*p - 51, 3*i + 2*p = 4*p + 37. Let x(c) = -2*c. What is the remainder when i is divided by x(-4)?
1
Let t = -7303 + 8810. Calculate the remainder when t is divided by 498.
13
Let m(q) = 14 + 13*q - 22*q**2 + 9*q**2 - 4*q**3 + 0*q**3 + 3*q**3. Let s be m(-14). Calculate the remainder when 215/4 - (-7)/s is divided by 14.
12
Suppose 3*x - 793 = -769. Suppose 3*d - 5*u - 121 = 0, -4*u + 0 = x. Suppose -n - 2*n + 3*t + 66 = 0, 4 = n + 5*t. What is the remainder when d is divided by n?
18
Let y be -21*(6 + (-176)/24). Suppose 190 = 5*o - 60. Let p = o - y. What is the remainder when 86 is divided by p?
20
Suppose -3*s - r + 823 = 0, 7*s - 8*s - 5*r = -293. What is the remainder when 1359 is divided by s?
267
Let l(i) = i**2 + 3. Let j be l(0). Let c be (-24)/36 - (-8)/j. What is the remainder when 12 is divided by (c/(-8) + -1)/(37/(-148))?
2
Suppose 0 = 6*p + 238 + 73 - 1337. What is the remainder when 833 is divided by p?
149
Suppose 0 = 25*f - 1565 - 935. Let m(v) = v + 2. What is the remainder when f is divided by m(2)?
0
Let m = -10108 - -15056. Calculate the remainder when m is divided by 101.
100
Calculate the remainder when 427 is divided by (5 - (-252)/(-56)) + (-55)/(-2).
7
Calculate the remainder when 446 is divided by 4/(2960/(-250) + 12).
21
Let p = 150 - 141. Calculate the remainder when (-3)/9 - (-3)/(p/136) is divided by 584/36 - 4/18.
13
Let u be 88/12 + -5 - 2/6. Let v(a) = 4*a - 5. Let f be v(u). Suppose -m + g = -15, 5*m + 7*g = f*g + 75. Calculate the remainder when 73 is divided by m.
13
Suppose 12*d = -39*d + 13*d + 7296. Calculate the remainder when d is divided by 94.
4
Let z(i) = -5*i**3 - 2*i**2 - 2*i. Let t be z(-1). Suppose 4*n = -5 + 25, -t*x + 2*n + 165 = 0. Calculate the remainder when x is divided by 18.
17
Suppose -3*r = 2*v - 19, 5*r + 4*v - 31 = v. Suppose r*o = 5*m - 35, -5*m - 2*o = -0*o. Suppose 2*w - 2 = -0. Calculate the remainder when m is divided by w.
0
Suppose 3*b = -4*h + 2*b + 11, 5*b + 11 = 2*h. Calculate the remainder when h is divided by (-2 - -1*1) + 129/43.
1
Let w be 56/(-8)*4/(-14). Suppose -w*h = 3*h - 520. Let q = h + -72. What is the remainder when 159 is divided by q?
31
Let k(b) = b**2 + 35*b + 418. What is the remainder when 1845 is divided by k(-13)?
129
Let w be 64/28 - 4/14. Let x be -3*w*1*3/9. Calculate the remainder when (2/(-4))/(535/268 + x) is divided by 34.
32
Suppose i - 16 = -i. Suppose 8*b - 6228 - 2277 = -37*b. What is the remainder when b is divided by i?
5
Suppose 2 = -d - 5*t, 0 = 4*t + 24 - 20. Suppose -38 + 231 = d*x - o, 2*x = 4*o + 132. Calculate the remainder when 183 is divided by x.
55
Let x(d) = -d**2 - 10*d + 2. Let j be x(-4). Suppose 90 = 4*v + j. Calculate the remainder when 349 is divided by v.
13
Let h(q) = -6*q - 34. Let m be h(-6). Let p(x) = 117*x - 18. Calculate the remainder when p(m) is divided by 55.
51
Let i be (-2 + 4)/(-1) + (6 - 1). Suppose 0 = -5*k - 25, -4*w + 72 = -i*w - 5*k. Calculate the remainder when w is divided by (-1)/(23/12 - 2).
11
Suppose -179*j + 161*j + 2232 = 0. What is the remainder when 619 is divided by j?
123
Suppose -3*b - 8 = b - 4*w, -5*b - 2 = 3*w. Let a(q) = -7*q. Let r(h) = 4*h + 1. Let n(t) = a(t) - 6*r(t). Calculate the remainder when 99 is divided by n(b).
24
Let q(r) = r**2 - 173*r + 2931. Suppose 0 = -5*t - 7*m + 2*m + 480, t - 5*m = 108. Calculate the remainder when (-4)/(-6) - t/(-6) is divided by q(154).
2
Let z = -433 - -434. Calculate the remainder when 38 is divided by 14/(z*(9/6)/3).
10
Let y = -35770 - -49431. What is the remainder when y is divided by 198?
197
Let h be 24/(-12)*(-3)/2. Suppose 0 = 3*d, h*i - 4*d - d = 63. Calculate the remainder when 97 is divided by i.
13
Suppose 2*a = -16, -5*u - 5*a - 72 = -u - 672. Let y = 42 + -9. Calculate the remainder when u is divided by y.
28
Let q = -7 - -39. Let l(t) = t**2 - 12*t + 34. Let j = -17 + 20. What is the remainder when q is divided by l(j)?
4
Let j = -117 + 68. Let r = j + 73. Calculate the remainder when (14/(-8) + (-6943)/(-212))*3 is divided by r.
21
Suppose -45*l + 46*l - 10 = 0. Let z = -15 + 17. Suppose 9 = z*n - 41. Calculate the remainder when n is divided by l.
5
Let h = 26 + -51. Let i(c) = -c**2 + 31*c + 5. Let r be i(31). What is the remainder when 43 is divided by (-1)/r - 105/h?
3
Let w(l) = -2*l**3 - 19*l**2 - 15*l + 12. Let h be w(-8). What is the remainder when -3*((-56)/15)/((-12)/h) is divided by 21?
14
Let r = -39 + 55. Let t = 790 + -795. Calculate the remainder when (r/t)/(16/(-200)) is divided by 21.
19
Suppose -n = -22 - 4. Let d(s) = 117*s + 207. Let k be d(5). Let y = k - 689. Calculate the remainder when y is divided by n.
25
Suppose 12*y - 147 = -y + 61. Suppose 2*x - 626 + 20 = 0. What is the remainder when x is divided by y?
15
Suppose 3*j + 3 = 0, -384 = 94*k - 95*k - 4*j. What is the remainder when 783 is divided by k?
7
Suppose -1850 + 100 = -14*f. Calculate the remainder when f is divided by 35.
20
Let o(h) = 7*h - 90. Let a be o(17). Let v = a + 53. What is the remainder when 156 is divided by v?
74
Calculate the remainder when 1395 is divided by ((-12)/(-3))/((18/(-30))/(-3)).
15
Suppose 1531 = 18*w - 2*w + 27. What is the remainder when 95 is divided by w?
1
Let z be ((-1625)/(-39))/(2/6). Let r be (-4295)/(-7) + z/(-35) + 4. Suppose -r - 695 = -7*b. What is the remainder when b is divided by 48?
43
Suppose 2*w = -4, -8*w + 12*w = 4*q - 88. What is the remainder when 1 - (-97 - 8/(-4)) is divided by q?
16
Calculate the remainder when (3548*-1)/(432/(-108)) is divided by 60.
47
Let m(u) = -u**2 + 4*u + 25. Let h be m(9). Let r be 2*1 - (1800/6)/5. Let l = h - r. What is the remainder when 73 is divided by l?
35
Suppose 4*g - 4*h = 700, -31*h + 531 = 3*g - 36*h. What is the remainder when 5329 is divided by g?
169
Suppose 3*q - 481 = 50. Let o = q - 169. Let r(h) = -h**2 + 5*h - 1. What is the remainder when o is divided by r(4)?
2
Let m = 60 + -45. Let f = -5344 + 5384. Calculate the remainder when f is divided by m.
10
Suppose -3*l + 7 = m - 18, 8 = 2*m. What 